ase 7.
1540
221 (base 14) to base 2
110100101
What is 4555 (base 6) in base 15?
4be
What is -2331 (base 7) in base 2?
-1101010111
Convert -11350 (base 6) to base 7.
-4545
What is -1231 (base 9) in base 12?
-647
Convert -22646 (base 7) to base 2.
-1011010111000
24ad (base 14) to base 3
22210222
What is 123222 (base 4) in base 11?
136a
-2112110 (base 3) to base 14
-960
What is 18974 (base 11) in base 15?
7c8e
22061 (base 10) to base 16
562d
-89e (base 15) to base 6
-13005
-10332 (base 4) to base 8
-476
Convert -203241 (base 5) to base 4.
-1220220
What is -1112210101 (base 3) in base 8?
-73402
What is -120404 (base 5) in base 15?
-14d9
What is -4255 (base 6) in base 16?
-3cb
Convert -7164 (base 10) to base 11.
-5423
What is -e4b (base 15) in base 7?
-12251
What is -270 (base 11) in base 2?
-100111111
3232 (base 6) to base 12
518
-d7a (base 14) to base 9
-3571
What is -1509 (base 10) in base 2?
-10111100101
What is -1042 (base 8) in base 7?
-1410
124a0 (base 11) to base 10
17897
What is 216 (base 13) in base 12?
259
What is -285 (base 11) in base 4?
-11033
Convert -189b (base 12) to base 2.
-101110110111
What is -302 (base 16) in base 4?
-30002
-1110423 (base 5) to base 6
-230120
-a4 (base 15) to base 10
-154
Convert -20239 (base 11) to base 2.
-111001101111110
203201 (base 5) to base 8
15024
What is 42333 (base 5) in base 12?
178b
What is -70a (base 12) in base 13?
-604
Convert -f27 (base 16) to base 9.
-5280
What is 11460 (base 7) in base 11?
2271
What is 12a65 (base 14) in base 12?
22715
Convert -8b (base 13) to base 7.
-223
Convert 3212 (base 8) to base 4.
122022
55607 (base 10) to base 5
3234412
-151730 (base 8) to base 4
-31033120
4159 (base 13) to base 15
2a21
What is -12321 (base 4) in base 15?
-1e6
Convert -3600 (base 9) to base 7.
-10536
Convert 14670 (base 9) to base 16.
272a
Convert -52 (base 14) to base 15.
-4c
What is 25593 (base 12) in base 16?
c6ff
Convert -c715 (base 15) to base 16.
-a46f
What is -a944 (base 16) in base 2?
-1010100101000100
Convert 1450 (base 7) to base 10.
574
10110100010 (base 2) to base 5
21232
-13701 (base 9) to base 7
-36106
-112340 (base 5) to base 16
-fff
121002 (base 3) to base 4
12302
What is -156d (base 14) in base 2?
-111011101101
Convert 497 (base 12) to base 7.
2005
What is -10001011 (base 2) in base 6?
-351
Convert 96c1 (base 16) to base 5.
2213333
What is 31022113 (base 4) in base 3?
2201221201
Convert 261566 (base 8) to base 14.
2523c
Convert 13013 (base 5) to base 8.
1760
-42224 (base 6) to base 15
-1a54
100100 (base 3) to base 11
20a
What is -292 (base 16) in base 3?
-220101
110010 (base 2) to base 12
42
What is 7120 (base 9) in base 12?
3016
-10110000111 (base 2) to base 14
-731
Convert 208a (base 11) to base 12.
1720
What is -142222 (base 5) in base 3?
-22010220
-2212112 (base 3) to base 11
-1633
216 (base 11) to base 6
1111
Convert 36d (base 14) to base 4.
22231
What is -654 (base 8) in base 7?
-1151
Convert 492 (base 13) to base 9.
1073
Convert -f91 (base 16) to base 4.
-332101
What is 1645 (base 13) in base 6?
23044
Convert -10373 (base 9) to base 13.
-3186
Convert 33715 (base 8) to base 11.
a807
What is 1464 (base 12) in base 15?
a8a
What is -112110 (base 3) in base 12?
-286
-110000001011 (base 2) to base 4
-300023
What is -3110 (base 8) in base 15?
-723
110011000 (base 2) to base 14
212
What is 3972 (base 14) in base 11?
7649
558 (base 16) to base 5
20433
What is -10c6 (base 15) in base 14?
-1425
Convert 186 (base 13) to base 11.
234
What is 1111122 (base 3) in base 15?
4d2
-444 (base 6) to base 14
-c4
What is 4411 (base 7) in base 5?
22301
-36550 (base 7) to base 6
-112101
Convert -87 (base 10) to base 8.
-127
-3a7 (base 12) to base 11
-469
What is -caf (base 16) in base 3?
-11110021
Convert -1100010110 (base 2) to base 11.
-659
Convert -3015 (base 9) to base 15.
-9bb
Convert 117 (base 12) to base 3.
20001
-1be (base 16) to base 6
-2022
What is 2175 (base 10) in base 16?
87f
-24516 (base 9) to base 4
-10001022
What is 2297 (base 11) in base 6?
21534
Convert -3226 (base 16) to base 6.
-135234
19127 (base 11) to base 15
7dea
Convert 2db (base 14) to base 8.
1111
What is -1516 (base 11) in base 13?
-b73
What is bb4 (base 16) in base 4?
232310
329 (base 16) to base 7
2234
1001100100 (base 2) to base 13
381
What is -1060 (base 9) in base 14?
-3dd
What is -341 (base 15) in base 4?
-23200
Convert 2ded (base 16) to base 13.
5475
Convert -143 (base 13) to base 16.
-e0
What is dd (base 16) in base 11?
191
2001021 (base 3) to base 15
697
-118 (base 13) to base 4
-2332
Convert 74 (base 13) to base 15.
65
Convert -1010001011 (base 2) to base 4.
-22023
What is 956 (base 14) in base 12?
1094
-42ee (base 15) to base 5
-423144
545 (base 9) to base 4
12332
20403 (base 10) to base 8
47663
202b (base 15) to base 14
2691
What is -211042 (base 6) in base 13?
-7a18
Convert -84 (base 9) to base 10.
-76
-a708 (base 16) to base 6
-525544
What is 12312000 (base 4) in base 11?
1a074
What is 11111110000001 (base 2) in base 13?
7527
What is -20112 (base 5) in base 14?
-678
Convert 1100203 (base 4) to base 5.
131110
10222221102 (base 3) to base 6
1404145
12022222 (base 3) to base 15
1242
Convert -20514 (base 6) to base 12.
-173a
What is -1334 (base 5) in base 7?
-432
26200 (base 8) to base 7
45133
What is f55 (base 16) in base 11?
2a49
What is 120220200 (base 3) in base 16?
2d51
Convert -2795 (base 14) to base 16.
-1b4f
Convert -10202120 (base 3) to base 15.
-c2c
What is 22022 (base 4) in base 13?
3b0
What is 575 (base 15) in base 8?
2323
-a3 (base 14) to base 15
-98
-10102121122 (base 3) to base 11
-467aa
What is -376 (base 10) in base 2?
-101111000
What is -501 (base 6) in base 16?
-b5
What is 20212 (base 3) in base 16?
b9
What is 71 (base 12) in base 8?
125
What is -133220 (base 4) in base 8?
-3750
639 (base 11) to base 6
3320
What is 10c0 (base 15) in base 14?
141d
What is 62c3 (base 15) in base 8?
50623
-4556 (base 9) to base 16
-d2c
What is -4004 (base 11) in base 12?
-3100
5771 (base 8) to base 6
22105
-74373 (base 10) to base 14
-1d165
493 (base 10) to base 16
1ed
What is 782 (base 15) in base 13?
a07
Convert 31707 (base 12) to base 6.
1220411
Convert -73167 (base 8) to base 2.
-111011001110111
Convert -233023 (base 4) to base 3.
-11010211
What is 115 (base 8) in base 2?
1001101
Convert -10044 (base 5) to base 8.
-1211
What is -3422 (base 7) in base 13?
-746
Convert 20613 (base 7) to base 9.
7003
Convert -324a (base 12) to base 2.
-1010110011010
-12300 (base 8) to base 3
-21021202
332131 (base 4) to base 16
f9d
-83e (base 16) to base 13
-c64
Convert 4013 (base 5) to base 8.
774
What is 4d2 (base 15) in base 4?
101021
What is -2246 (base 9) in base 4?
-121332
What is -1210101 (base 3) in base 12?
-90a
What is -50 (base 15) in base 11?
-69
Convert 1950 (base 10) to base 9.
2606
Convert 221 (base 8) to base 3.
12101
Convert 14524 (base 10) to base 2.
11100010111100
-2202002212 (base 3) to base 8
-151407
Convert -3123010 (base 4) to base 15.
-424a
-585 (base 12) to base 4
-30311
What is 14b7 (base 14) in base 11?
2854
413241 (base 5) to base 12
7a2b
What is -34041 (base 10) in base 13?
-12657
-4123 (base 5) to base 12
-38a
What is 2400 (base 6) in base 14?
2d2
24615 (base 13) to base 12
328a6
What is -1b1 (base 13) in base 7?
-625
Convert -57438 (base 9) to base 8.
-112573
Convert 4823 (base 12) to base 9.
12080
What is 3b57 (base 12) in base 7?
25633
Convert 5120 (base 8) to base 2.
101001010000
What is -19388 (base 11) in base 4?
-12213013
Convert 18069 (base 10) to base 11.
12637
-1260 (base 8) to base 6
-3104
What is 1d6 (base 16) in base 8?
726
dd3 (base 14) to base 8
5255
339 (base 11) to base 2
110010101
1120222101 (base 3) to base 11
215a2
What is -10020 (base 4) in base 15?
-129
What is -1182 (base 9) in base 10?
-884
What is 146bb (base 12) in base 16?
6fef
Convert -2a18 (base 13) to base 8.
-13731
What is -5340 (base 11) in base 14?
-2806
What is e2 (base 16) in base 3?
22101
Convert -22100 (base 3) to base 9.
-270
What is -494 (base 10) in base 7?
-1304
-75a9 (base 12) to base 14
-4a09
What is -29f (base 16) in base 6?
-3035
-424035 (base 6) to base 3
-1202102212
Convert -1052 (base 16) to base 7.
-15116
Convert -2032111 (base 4) to base 16.
-2395
42b (base 13) to base 11
599
Convert -5573 (base 9)